5.
-46dd
Convert -158e (base 15) to base 2.
-1001000011010
Convert -222 (base 12) to base 15.
-15e
-10220 (base 4) to base 3
-101222
Convert 4143 (base 5) to base 13.
332
What is -1533 (base 6) in base 11?
-34a
1318 (base 9) to base 3
1100122
-219 (base 13) to base 10
-360
What is -307 (base 10) in base 6?
-1231
What is -2608 (base 16) in base 4?
-2120020
What is -2688 (base 9) in base 6?
-13212
-201243 (base 5) to base 15
-1d9d
What is 3db (base 14) in base 6?
3341
What is -162 (base 9) in base 6?
-345
-1283 (base 9) to base 10
-966
What is 8d5 (base 14) in base 7?
5055
What is -61c1 (base 14) in base 8?
-40675
What is 1365 (base 14) in base 4?
311131
Convert -32655 (base 8) to base 11.
-a362
-1131111 (base 5) to base 13
-95c7
What is -c85 (base 15) in base 6?
-21025
What is -1043133 (base 5) in base 9?
-27383
Convert -11010110110010 (base 2) to base 13.
-6345
312321 (base 4) to base 11
2704
-62b (base 12) to base 8
-1603
What is 24114 (base 5) in base 2?
11011111000
What is -293 (base 14) in base 2?
-1000001001
-210222 (base 3) to base 9
-728
-124342 (base 5) to base 8
-11554
-174 (base 8) to base 4
-1330
What is -111111110010 (base 2) in base 11?
-3081
Convert -2625 (base 10) to base 3.
-10121020
What is -101010101101110 (base 2) in base 10?
-21870
a6a (base 13) to base 12
1042
5322 (base 6) to base 7
3335
Convert -4e6d (base 15) to base 5.
-1014003
20323 (base 6) to base 9
3646
What is 8282 (base 12) in base 2?
11011110000010
Convert -26a4 (base 16) to base 5.
-304032
What is 5182 (base 9) in base 6?
25332
What is 132014 (base 5) in base 11?
3a51
What is -17744 (base 10) in base 16?
-4550
10912 (base 13) to base 14
ad7b
What is 101101100001110 (base 2) in base 4?
11230032
709 (base 13) to base 2
10010101000
What is 5004 (base 12) in base 15?
2864
Convert -18110 (base 13) to base 2.
-1011010011101111
What is 25111 (base 8) in base 3?
112211221
21131233 (base 4) to base 8
113557
3195 (base 10) to base 6
22443
Convert 235 (base 14) to base 11.
36a
-2025 (base 8) to base 7
-3022
What is -27212 (base 11) in base 14?
-10234
Convert 1062 (base 11) to base 3.
1220211
What is 11345 (base 6) in base 5?
23044
Convert -46ad (base 16) to base 14.
-6845
Convert -24252 (base 6) to base 11.
-2747
Convert 9611 (base 11) to base 9.
18400
What is -200232 (base 4) in base 7?
-6051
Convert 3114 (base 11) to base 5.
113004
49 (base 10) to base 3
1211
What is 2031202 (base 4) in base 2?
10001101100010
Convert 7a15 (base 16) to base 4.
13220111
What is -3578 (base 9) in base 2?
-101001100111
Convert -15302 (base 7) to base 11.
-3228
Convert -133 (base 14) to base 12.
-181
What is 20233 (base 14) in base 6?
1353421
What is 196 (base 16) in base 4?
12112
-251 (base 12) to base 14
-1ad
-59a (base 15) to base 9
-1661
-5897 (base 10) to base 11
-4481
15d2 (base 14) to base 7
14252
What is -2620 (base 11) in base 6?
-23442
Convert -420 (base 5) to base 11.
-a0
What is 253404 (base 7) in base 2?
1011011100000000
Convert 432 (base 10) to base 4.
12300
-12141 (base 6) to base 10
-1789
What is 4652 (base 9) in base 11?
2656
Convert 1626 (base 7) to base 9.
810
What is 1100010000010 (base 2) in base 5?
200044
What is 10201 (base 6) in base 12?
961
100e6 (base 15) to base 4
30122121
e33 (base 15) to base 6
22450
1002000 (base 3) to base 6
3343
-10430 (base 5) to base 10
-740
What is 1827 (base 10) in base 13?
aa7
Convert -11 (base 3) to base 16.
-4
Convert 1401d (base 14) to base 5.
3040134
What is 26c4 (base 14) in base 5?
204321
What is 1928 (base 11) in base 5?
34300
Convert 14522 (base 6) to base 12.
1442
What is 1100000110111 (base 2) in base 5?
144244
What is -1508 (base 12) in base 9?
-3328
Convert -260 (base 12) to base 15.
-190
Convert -11101101111101 (base 2) to base 8.
-35575
Convert -101001011101111 (base 2) to base 8.
-51357
What is 22002 (base 4) in base 12?
456
Convert -40426 (base 7) to base 3.
-111110201
What is 65 (base 11) in base 10?
71
What is 6257 (base 8) in base 7?
12316
What is -10020 (base 4) in base 16?
-108
What is 186a (base 11) in base 2?
100101000111
What is 10900 (base 10) in base 8?
25224
Convert 10110001011010 (base 2) to base 11.
8592
Convert -23060 (base 9) to base 13.
-6cba
-568 (base 14) to base 3
-1110201
251 (base 16) to base 5
4333
Convert 331 (base 6) to base 15.
87
What is 215a0 (base 11) in base 8?
75140
Convert -1500 (base 12) to base 6.
-15200
Convert -1010011110 (base 2) to base 13.
-3c7
Convert -466 (base 10) to base 11.
-394
Convert 22521 (base 7) to base 4.
1121310
What is -e9ce (base 15) in base 6?
-1021005
10220 (base 5) to base 12
491
Convert -2122112222 (base 3) to base 2.
-1100101111000011
Convert -43c0 (base 14) to base 6.
-130152
Convert -30113 (base 5) to base 7.
-5364
What is -17113 (base 9) in base 4?
-2313231
Convert -5432 (base 8) to base 5.
-42332
What is 31 (base 13) in base 14?
2c
What is -10000111101010110 (base 2) in base 10?
-69462
Convert 312 (base 10) to base 7.
624
What is -113054 (base 7) in base 6?
-233512
Convert -12134 (base 5) to base 9.
-1231
Convert -2720 (base 9) to base 13.
-c12
16110 (base 7) to base 12
2743
What is dae (base 16) in base 4?
312232
Convert 394 (base 14) to base 10.
718
b05 (base 13) to base 14
972
Convert 398 (base 11) to base 13.
2a2
What is -112203 (base 4) in base 11?
-10a2
117631 (base 8) to base 10
40857
Convert -11220210 (base 3) to base 8.
-7001
Convert 5ea (base 15) to base 3.
1211211
465 (base 10) to base 13
29a
What is -203 (base 9) in base 12?
-119
5025 (base 7) to base 4
123012
Convert -6656 (base 9) to base 10.
-4911
What is -5180 (base 12) in base 13?
-4071
What is 9821 (base 11) in base 6?
140014
-3472 (base 9) to base 6
-15532
What is 400 (base 5) in base 13?
79
-1be1 (base 15) to base 16
-17ad
Convert -255 (base 16) to base 5.
-4342
-2100101122 (base 3) to base 15
-da5e
5455 (base 10) to base 2
1010101001111
1010100000 (base 2) to base 13
3c9
Convert 1201122 (base 4) to base 2.
1100001011010
Convert -3a0 (base 15) to base 14.
-42d
Convert -7b (base 16) to base 9.
-146
What is -7308 (base 13) in base 15?
-4a99
631 (base 8) to base 9
504
-116360 (base 7) to base 12
-104bb
Convert -14403 (base 7) to base 4.
-332010
Convert 1201121 (base 3) to base 13.
75a
What is 6883 (base 16) in base 14?
9a71
Convert -2055 (base 7) to base 8.
-1326
What is -1135a (base 13) in base 8?
-75154
Convert -18105 (base 11) to base 9.
-37768
666 (base 10) to base 12
476
What is 7da (base 16) in base 13?
bb8
What is -399 (base 10) in base 12?
-293
Convert -4031 (base 14) to base 11.
-8308
Convert -32021 (base 5) to base 11.
-1672
2766 (base 10) to base 16
ace
Convert 50 (base 9) to base 2.
101101
3283 (base 12) to base 11
4205
178 (base 9) to base 4
2120
-110230 (base 4) to base 2
-10100101100
What is -d0d (base 14) in base 15?
-b5b
What is -732 (base 12) in base 3?
-1102202
840 (base 9) to base 14
36c
Convert 11010200 (base 3) to base 2.
101111000111
What is -10341 (base 5) in base 7?
-2050
What is -5308 (base 13) in base 5?
-332000
Convert -107167 (base 9) to base 14.
-19606
Convert 245363 (base 7) to base 2.
1011000001000101
Convert 23267 (base 8) to base 10.
9911
111010001 (base 2) to base 6
2053
Convert -4e6a (base 15) to base 5.
-1014000
Convert -1867 (base 14) to base 4.
-1010303
What is -1043 (base 14) in base 10?
-2803
-10000000011011010 (base 2) to base 14
-19d6a
10202 (base 3) to base 15
6b
-1200132 (base 4) to base 7
-24000
What is -5026 (base 8) in base 14?
-d26
-1237 (base 10) to base 6
-5421
Convert -25342 (base 11) to base 12.
-1904a
What is 65461 (base 7) in base 12?
9574
Convert 4578 (base 9) to base 10.
3392
1000110001 (base 2) to base 6
2333
260 (base 14) to base 7
1250
11013 (base 5) to base 15
358
What is -12213 (base 8) in base 16?
-148b
What is -963 (base 14) in base 15?
-836
What is 111101001110 (base 2) in base 7?
14265
-52e (base 15) to base 12
-815
What is -30056 (base 7) in base 14?
-28d6
Convert 44a (base 16) to base 6.
5030
11001111011000 (base 2) to base 3
200012120
13ec (base 16) to base 14
1c04
Convert 25324 (base 9) to base 13.
79a2
-684 (base 15) to base 8
-2702
What is -18563 (base 12) in base 8?
-105033
-34d (base 16) to base 13
-500
Convert -6322 (base 7) to base 3.
-10001021
What is b98 (base 16) in base 2?
101110011000
What is -17 (base 14) in b